Calculate the remainder when 8183 is divided by 195.
188
What is the remainder when 149 is divided by 28?
9
What is the remainder when 1993 is divided by 395?
18
Calculate the remainder when 69 is divided by 18.
15
What is the remainder when 948 is divided by 134?
10
What is the remainder when 754 is divided by 243?
25
What is the remainder when 19 is divided by 19?
0
Calculate the remainder when 1845 is divided by 39.
12
Calculate the remainder when 46 is divided by 11.
2
What is the remainder when 178 is divided by 6?
4
Calculate the remainder when 38035 is divided by 266.
263
What is the remainder when 247 is divided by 119?
9
Calculate the remainder when 207 is divided by 15.
12
Calculate the remainder when 480 is divided by 13.
12
What is the remainder when 125 is divided by 18?
17
Calculate the remainder when 3432 is divided by 1708.
16
Calculate the remainder when 10706 is divided by 43.
42
What is the remainder when 235 is divided by 48?
43
Calculate the remainder when 782 is divided by 72.
62
Calculate the remainder when 646 is divided by 11.
8
Calculate the remainder when 260 is divided by 60.
20
What is the remainder when 1564 is divided by 29?
27
Calculate the remainder when 70 is divided by 18.
16
Calculate the remainder when 952 is divided by 53.
51
Calculate the remainder when 1583 is divided by 1541.
42
Calculate the remainder when 6219 is divided by 51.
48
Calculate the remainder when 382 is divided by 49.
39
What is the remainder when 172 is divided by 47?
31
What is the remainder when 341 is divided by 86?
83
Calculate the remainder when 108 is divided by 83.
25
What is the remainder when 80 is divided by 37?
6
Calculate the remainder when 96 is divided by 14.
12
What is the remainder when 410 is divided by 187?
36
Calculate the remainder when 332 is divided by 67.
64
What is the remainder when 238 is divided by 175?
63
What is the remainder when 368 is divided by 51?
11
What is the remainder when 107 is divided by 56?
51
What is the remainder when 215 is divided by 3?
2
What is the remainder when 73 is divided by 16?
9
What is the remainder when 469 is divided by 9?
1
Calculate the remainder when 159 is divided by 44.
27
What is the remainder when 1477 is divided by 294?
7
Calculate the remainder when 3741 is divided by 13.
10
Calculate the remainder when 413 is divided by 105.
98
What is the remainder when 316 is divided by 131?
54
Calculate the remainder when 1071 is divided by 180.
171
What is the remainder when 108 is divided by 11?
9
What is the remainder when 288 is divided by 35?
8
Calculate the remainder when 103 is divided by 19.
8
Calculate the remainder when 86 is divided by 9.
5
Calculate the remainder when 9557 is divided by 59.
58
Calculate the remainder when 32 is divided by 30.
2
Calculate the remainder when 1678 is divided by 7.
5
What is the remainder when 1280 is divided by 71?
2
What is the remainder when 76 is divided by 8?
4
What is the remainder when 178 is divided by 14?
10
Calculate the remainder when 179 is divided by 151.
28
What is the remainder when 18405 is divided by 177?
174
What is the remainder when 298 is divided by 80?
58
What is the remainder when 41 is divided by 35?
6
What is the remainder when 299 is divided by 146?
7
What is the remainder when 313 is divided by 51?
7
What is the remainder when 396 is divided by 25?
21
Calculate the remainder when 450 is divided by 153.
144
Calculate the remainder when 302 is divided by 85.
47
Calculate the remainder when 1805 is divided by 16.
13
What is the remainder when 93 is divided by 36?
21
Calculate the remainder when 131 is divided by 11.
10
Calculate the remainder when 429 is divided by 310.
119
Calculate the remainder when 1672 is divided by 152.
0
Calculate the remainder when 4947 is divided by 4.
3
Calculate the remainder when 37837 is divided by 17.
12
What is the remainder when 130 is divided by 28?
18
What is the remainder when 1744 is divided by 33?
28
Calculate the remainder when 389 is divided by 17.
15
What is the remainder when 346 is divided by 17?
6
What is the remainder when 1619 is divided by 65?
59
Calculate the remainder when 1891 is divided by 943.
5
What is the remainder when 6303 is divided by 97?
95
Calculate the remainder when 11269 is divided by 23.
22
What is the remainder when 14991 is divided by 21?
18
What is the remainder when 17637 is divided by 210?
207
Calculate the remainder when 555 is divided by 66.
27
Calculate the remainder when 1174 is divided by 1.
0
What is the remainder when 1266 is divided by 5?
1
What is the remainder when 828 is divided by 201?
24
Calculate the remainder when 4434 is divided by 20.
14
What is the remainder when 2839 is divided by 942?
13
Calculate the remainder when 25 is divided by 13.
12
Calculate the remainder when 359 is divided by 119.
2
Calculate the remainder when 204 is divided by 104.
100
Calculate the remainder when 1450 is divided by 2.
0
What is the remainder when 1995 is divided by 111?
108
What is the remainder when 247 is divided by 61?
3
What is the remainder when 112 is divided by 19?
17
Calculate the remainder when 288 is divided by 94.
6
Calculate the remainder when 211 is divided by 40.
11
Calculate the remainder when 883 is divided by 407.
69
Calculate the remainder when 277 is divided by 9.
7
What is the remainder when 3633 is divided by 36?
33
Calculate the remainder when 362 is divided by 11.
10
Calculate the remainder when 29457 is divided by 206.
205
What is the remainder when 1079 is divided by 493?
93
Calculate the remainder when 188 is divided by 82.
24
Calculate the remainder when 509 is divided by 127.
1
What is the remainder when 481 is divided by 93?
16
What is the remainder when 62 is divided by 24?
14
Calculate the remainder when 20473 is divided by 45.
43
Calculate the remainder when 141 is divided by 18.
15
What is the remainder when 119 is divided by 90?
29
Calculate the remainder when 16 is divided by 8.
0
Calculate the remainder when 1127 is divided by 371.
14
What is the remainder when 5230 is divided by 24?
22
Calculate the remainder when 7015 is divided by 108.
103
Calculate the remainder when 678 is divided by 12.
6
What is the remainder when 9727 is divided by 8?
7
Calculate the remainder when 90 is divided by 16.
10
What is the remainder when 22 is divided by 6?
4
What is the remainder when 487 is divided by 35?
32
What is the remainder when 10401 is divided by 12?
9
What is the remainder when 236 is divided by 41?
31
Calculate the remainder when 300 is divided by 51.
45
Calculate the remainder when 656 is divided by 90.
26
What is the remainder when 932 is divided by 12?
8
Calculate the remainder when 56 is divided by 15.
11
Calculate the remainder when 230 is divided by 130.
100
What is the remainder when 6981 is divided by 697?
11
What is the remainder when 3313 is divided by 27?
19
What is the remainder when 4908 is divided by 1226?
4
Calculate the remainder when 48 is divided by 3.
0
Calculate the remainder when 16441 is divided by 203.
201
What is the remainder when 95 is divided by 6?
5
What is the remainder when 23629 is divided by 8?
5
What is the remainder when 42 is divided by 4?
2
Calculate the remainder when 803 is divided by 35.
33
What is the remainder when 1446 is divided by 310?
206
What is the remainder when 236 is divided by 81?
74
Calculate the remainder when 264 is divided by 217.
47
Calculate the remainder when 746 is divided by 33.
20
Calculate the remainder when 151 is divided by 19.
18
Calculate the remainder when 416 is divided by 142.
132
What is the remainder when 87 is divided by 42?
3
What is the remainder when 1700 is divided by 46?
44
What is the remainder when 4779 is divided by 368?
363
Calculate the remainder when 82 is divided by 52.
30
Calculate the remainder when 619 is divided by 31.
30
Calculate the remainder when 2427 is divided by 17.
13
What is the remainder when 137 is divided by 21?
11
What is the remainder when 629 is divided by 8?
5
What is the remainder when 175 is divided by 44?
43
Calculate the remainder when 285 is divided by 47.
3
What is the remainder when 177 is divided by 15?
12
Calculate the remainder when 3935 is divided by 16.
15
Calculate the remainder when 24 is divided by 